{"id":298,"date":"2024-05-29T12:04:46","date_gmt":"2024-05-29T10:04:46","guid":{"rendered":"http:\/\/slnutridiet.com\/?page_id=298"},"modified":"2026-01-07T16:40:01","modified_gmt":"2026-01-07T15:40:01","slug":"contact","status":"publish","type":"page","link":"https:\/\/slnutridiet.com\/index.php\/contact\/","title":{"rendered":"Contact"},"content":{"rendered":"\n<h3 class=\"has-text-align-left\"><strong>Pour prendre rendez-vous :<\/strong><\/h3>\n\n\n\n<div class=\"wp-block-columns\">\n<div class=\"wp-block-column\" style=\"flex-basis:100%\">\n<div class=\"wp-block-group\"><div class=\"wp-block-group__inner-container\">\n<div class=\"wp-block-columns\">\n<div class=\"wp-block-column\">\n<p>Le mardi (journ\u00e9e) :  Au <strong>Cabinet M\u00e9dical du CORBUSIER<\/strong><\/p>\n\n\n\n<p>Rue Le Corbusier 18-20, 1208 Gen\u00e8ve<\/p>\n\n\n\n<p>Rdv via <a href=\"https:\/\/www.onedoc.ch\/fr\/dieteticienne\/geneve\/pcps6\/sandrine-lasserre\">One Doc<\/a> ou via le secr\u00e9tariat : 022 704 30 70<\/p>\n<\/div>\n<\/div>\n<\/div><\/div>\n<\/div>\n<\/div>\n\n\n\n<p id=\"block-21d90849-4392-4676-9d11-e60e2888dabe\">Le mercredi et jeudi (journ\u00e9e) et vendredi matin: Au <strong><a href=\"https:\/\/metabolic-center.ch\/\">METABOLIC CENTER<\/a><\/strong><\/p>\n\n\n\n<p id=\"block-2502f509-8cbc-454a-a910-efb70ec4c40a\">Rue Pellegrino Rossi 5, 1201 Gen\u00e8ve<\/p>\n\n\n\n<p id=\"block-79595a19-50fc-4fcd-b381-c1871f280bf2\">Rdv via le secr\u00e9tariat : 022 731 24 74<\/p>\n\n\n\n<h2><strong>Demande d&rsquo;information :<\/strong> <\/h2>\n\n\n\n<pre id=\"block-18991b19-0f2d-4eea-9cfc-2633f0f27133\" class=\"wp-block-code\"><code>contact(at)slnutridiet.com <\/code><\/pre>\n","protected":false},"excerpt":{"rendered":"<p>Pour prendre rendez-vous : Le mardi (journ\u00e9e) : Au Cabinet M\u00e9dical du CORBUSIER Rue Le Corbusier 18-20, 1208 Gen\u00e8ve Rdv via One Doc ou via le secr\u00e9tariat : 022 704 30 70 Le mercredi et jeudi (journ\u00e9e) et vendredi matin: Au METABOLIC CENTER Rue Pellegrino Rossi 5, 1201 Gen\u00e8ve Rdv via le secr\u00e9tariat : 022 &hellip; <\/p>\n<p class=\"link-more\"><a href=\"https:\/\/slnutridiet.com\/index.php\/contact\/\" class=\"more-link\">Continuer la lecture<span class=\"screen-reader-text\"> de &laquo;&nbsp;Contact&nbsp;&raquo;<\/span><\/a><\/p>\n","protected":false},"author":1,"featured_media":0,"parent":0,"menu_order":0,"comment_status":"closed","ping_status":"closed","template":"","meta":[],"_links":{"self":[{"href":"https:\/\/slnutridiet.com\/index.php\/wp-json\/wp\/v2\/pages\/298"}],"collection":[{"href":"https:\/\/slnutridiet.com\/index.php\/wp-json\/wp\/v2\/pages"}],"about":[{"href":"https:\/\/slnutridiet.com\/index.php\/wp-json\/wp\/v2\/types\/page"}],"author":[{"embeddable":true,"href":"https:\/\/slnutridiet.com\/index.php\/wp-json\/wp\/v2\/users\/1"}],"replies":[{"embeddable":true,"href":"https:\/\/slnutridiet.com\/index.php\/wp-json\/wp\/v2\/comments?post=298"}],"version-history":[{"count":10,"href":"https:\/\/slnutridiet.com\/index.php\/wp-json\/wp\/v2\/pages\/298\/revisions"}],"predecessor-version":[{"id":376,"href":"https:\/\/slnutridiet.com\/index.php\/wp-json\/wp\/v2\/pages\/298\/revisions\/376"}],"wp:attachment":[{"href":"https:\/\/slnutridiet.com\/index.php\/wp-json\/wp\/v2\/media?parent=298"}],"curies":[{"name":"wp","href":"https:\/\/api.w.org\/{rel}","templated":true}]}}